{"id":2698,"date":"2025-09-26T12:42:55","date_gmt":"2025-09-26T10:42:55","guid":{"rendered":"https:\/\/permapunk.be\/?page_id=2698"},"modified":"2026-03-24T15:15:54","modified_gmt":"2026-03-24T14:15:54","slug":"collaborations","status":"publish","type":"page","link":"https:\/\/permapunk.be\/index.php\/collaborations\/","title":{"rendered":"Collaborations"},"content":{"rendered":"\n<p>Plus on est de fous, plus on rit!\ud83c\udf89\ud83d\ude0e<\/p>\n\n\n\n<p>Permapunk collabore de mani\u00e8re r\u00e9guli\u00e8re ou occasionnelle avec d&rsquo;autres acteur.rices locaux.ales, talentueux.ses et passionn\u00e9.es, dans diff\u00e9rents domaines tels que l&rsquo;artistique, l&rsquo;artisanat, le bien-\u00eatre et la sant\u00e9 mentale, la nature et l&rsquo;environnement.<\/p>\n\n\n\n<p>Merci \u00e0 elles, \u00e0 eux pour les magnifiques moments de partage et de potentialisation (n&rsquo;ayons pas peur des mots) de nos savoir-faire! \ud83d\ude09\ud83d\ude18<\/p>\n\n\n\n<p>(Cliquez sur le leur logo pour acc\u00e9der \u00e0 leur site Internet)<\/p>\n\n\n\n<figure class=\"wp-block-gallery has-nested-images columns-4 is-cropped wp-block-gallery-1 is-layout-flex wp-block-gallery-is-layout-flex\">\n<figure class=\"wp-block-image size-large\"><a href=\"https:\/\/www.gaume-terroir.be\/\" target=\"_blank\" rel=\" noreferrer noopener\"><img loading=\"lazy\" decoding=\"async\" width=\"1015\" height=\"1024\" data-id=\"2709\" src=\"https:\/\/permapunk.be\/wp-content\/uploads\/2025\/10\/logo-Gaume-vert-1015x1024.png\" alt=\"\" class=\"wp-image-2709\" srcset=\"https:\/\/permapunk.be\/wp-content\/uploads\/2025\/10\/logo-Gaume-vert-1015x1024.png 1015w, https:\/\/permapunk.be\/wp-content\/uploads\/2025\/10\/logo-Gaume-vert-100x100.png 100w, https:\/\/permapunk.be\/wp-content\/uploads\/2025\/10\/logo-Gaume-vert-350x353.png 350w, https:\/\/permapunk.be\/wp-content\/uploads\/2025\/10\/logo-Gaume-vert-297x300.png 297w, https:\/\/permapunk.be\/wp-content\/uploads\/2025\/10\/logo-Gaume-vert-150x150.png 150w, https:\/\/permapunk.be\/wp-content\/uploads\/2025\/10\/logo-Gaume-vert-768x775.png 768w, https:\/\/permapunk.be\/wp-content\/uploads\/2025\/10\/logo-Gaume-vert.png 1312w\" sizes=\"auto, (max-width: 706px) 89vw, (max-width: 767px) 82vw, 740px\" \/><\/a><\/figure>\n\n\n\n<figure class=\"wp-block-image size-large\"><a href=\"https:\/\/www.facebook.com\/profile.php?id=61587233715156\" target=\"_blank\" rel=\" noreferrer noopener\"><img loading=\"lazy\" decoding=\"async\" width=\"1024\" height=\"1024\" data-id=\"3053\" src=\"https:\/\/permapunk.be\/wp-content\/uploads\/2026\/02\/Gabriela-1024x1024.jpg\" alt=\"\" class=\"wp-image-3053\" srcset=\"https:\/\/permapunk.be\/wp-content\/uploads\/2026\/02\/Gabriela-1024x1024.jpg 1024w, https:\/\/permapunk.be\/wp-content\/uploads\/2026\/02\/Gabriela-250x250.jpg 250w, https:\/\/permapunk.be\/wp-content\/uploads\/2026\/02\/Gabriela-100x100.jpg 100w, https:\/\/permapunk.be\/wp-content\/uploads\/2026\/02\/Gabriela-350x350.jpg 350w, https:\/\/permapunk.be\/wp-content\/uploads\/2026\/02\/Gabriela-300x300.jpg 300w, https:\/\/permapunk.be\/wp-content\/uploads\/2026\/02\/Gabriela-150x150.jpg 150w, https:\/\/permapunk.be\/wp-content\/uploads\/2026\/02\/Gabriela-768x768.jpg 768w, https:\/\/permapunk.be\/wp-content\/uploads\/2026\/02\/Gabriela-1536x1536.jpg 1536w, https:\/\/permapunk.be\/wp-content\/uploads\/2026\/02\/Gabriela.jpg 1924w\" sizes=\"auto, (max-width: 706px) 89vw, (max-width: 767px) 82vw, 740px\" \/><\/a><\/figure>\n\n\n\n<figure class=\"wp-block-image size-large\"><a href=\"https:\/\/www.facebook.com\/profile.php?id=61579674479005\"><img loading=\"lazy\" decoding=\"async\" width=\"600\" height=\"600\" data-id=\"3206\" src=\"https:\/\/permapunk.be\/wp-content\/uploads\/2026\/03\/Marjo.png\" alt=\"\" class=\"wp-image-3206\" srcset=\"https:\/\/permapunk.be\/wp-content\/uploads\/2026\/03\/Marjo.png 600w, https:\/\/permapunk.be\/wp-content\/uploads\/2026\/03\/Marjo-300x300.png 300w, https:\/\/permapunk.be\/wp-content\/uploads\/2026\/03\/Marjo-150x150.png 150w, https:\/\/permapunk.be\/wp-content\/uploads\/2026\/03\/Marjo-100x100.png 100w\" sizes=\"auto, (max-width: 600px) 100vw, 600px\" \/><\/a><\/figure>\n\n\n\n<figure class=\"wp-block-image size-large\"><a href=\"https:\/\/www.facebook.com\/profile.php?id=61574486681969\"><img loading=\"lazy\" decoding=\"async\" width=\"1024\" height=\"1024\" data-id=\"3089\" src=\"https:\/\/permapunk.be\/wp-content\/uploads\/2026\/02\/Logo_Laura-1024x1024.jpg\" alt=\"\" class=\"wp-image-3089\" srcset=\"https:\/\/permapunk.be\/wp-content\/uploads\/2026\/02\/Logo_Laura-1024x1024.jpg 1024w, https:\/\/permapunk.be\/wp-content\/uploads\/2026\/02\/Logo_Laura-300x300.jpg 300w, https:\/\/permapunk.be\/wp-content\/uploads\/2026\/02\/Logo_Laura-150x150.jpg 150w, https:\/\/permapunk.be\/wp-content\/uploads\/2026\/02\/Logo_Laura-768x768.jpg 768w, https:\/\/permapunk.be\/wp-content\/uploads\/2026\/02\/Logo_Laura-100x100.jpg 100w, https:\/\/permapunk.be\/wp-content\/uploads\/2026\/02\/Logo_Laura-250x250.jpg 250w, https:\/\/permapunk.be\/wp-content\/uploads\/2026\/02\/Logo_Laura-350x350.jpg 350w, https:\/\/permapunk.be\/wp-content\/uploads\/2026\/02\/Logo_Laura.jpg 1080w\" sizes=\"auto, (max-width: 706px) 89vw, (max-width: 767px) 82vw, 740px\" \/><\/a><\/figure>\n\n\n\n<figure class=\"wp-block-image size-large\"><a href=\"https:\/\/sylvianedemeyer.net\/\" target=\"_blank\" rel=\" noreferrer noopener\"><img loading=\"lazy\" decoding=\"async\" width=\"500\" height=\"500\" data-id=\"2700\" src=\"https:\/\/permapunk.be\/wp-content\/uploads\/2025\/09\/Sylviane.png\" alt=\"\" class=\"wp-image-2700\" srcset=\"https:\/\/permapunk.be\/wp-content\/uploads\/2025\/09\/Sylviane.png 500w, https:\/\/permapunk.be\/wp-content\/uploads\/2025\/09\/Sylviane-250x250.png 250w, https:\/\/permapunk.be\/wp-content\/uploads\/2025\/09\/Sylviane-100x100.png 100w, https:\/\/permapunk.be\/wp-content\/uploads\/2025\/09\/Sylviane-350x350.png 350w, https:\/\/permapunk.be\/wp-content\/uploads\/2025\/09\/Sylviane-300x300.png 300w, https:\/\/permapunk.be\/wp-content\/uploads\/2025\/09\/Sylviane-150x150.png 150w\" sizes=\"auto, (max-width: 500px) 100vw, 500px\" \/><\/a><\/figure>\n\n\n\n<figure class=\"wp-block-image size-large\"><a href=\"https:\/\/harmonievie.org\/\" target=\"_blank\" rel=\" noreferrer noopener\"><img loading=\"lazy\" decoding=\"async\" width=\"1024\" height=\"967\" data-id=\"2699\" src=\"https:\/\/permapunk.be\/wp-content\/uploads\/2025\/09\/Nathalie_Fontaine-1024x967.png\" alt=\"\" class=\"wp-image-2699\" srcset=\"https:\/\/permapunk.be\/wp-content\/uploads\/2025\/09\/Nathalie_Fontaine-1024x967.png 1024w, https:\/\/permapunk.be\/wp-content\/uploads\/2025\/09\/Nathalie_Fontaine-scaled-350x330.png 350w, https:\/\/permapunk.be\/wp-content\/uploads\/2025\/09\/Nathalie_Fontaine-300x283.png 300w, https:\/\/permapunk.be\/wp-content\/uploads\/2025\/09\/Nathalie_Fontaine-768x725.png 768w, https:\/\/permapunk.be\/wp-content\/uploads\/2025\/09\/Nathalie_Fontaine-1536x1450.png 1536w, https:\/\/permapunk.be\/wp-content\/uploads\/2025\/09\/Nathalie_Fontaine-2048x1934.png 2048w\" sizes=\"auto, (max-width: 706px) 89vw, (max-width: 767px) 82vw, 740px\" \/><\/a><\/figure>\n<\/figure>\n\n\n\n<p>Et ce n&rsquo;est qu&rsquo;un d\u00e9but!<\/p>\n","protected":false},"excerpt":{"rendered":"<p>Plus on est de fous, plus on rit!\ud83c\udf89\ud83d\ude0e Permapunk collabore de mani\u00e8re r\u00e9guli\u00e8re ou occasionnelle avec d&rsquo;autres acteur.rices locaux.ales, talentueux.ses et passionn\u00e9.es, dans diff\u00e9rents domaines tels que l&rsquo;artistique, l&rsquo;artisanat, le bien-\u00eatre et la sant\u00e9 mentale, la nature et l&rsquo;environnement. Merci \u00e0 elles, \u00e0 eux pour les magnifiques moments de partage et de potentialisation (n&rsquo;ayons pas &hellip; <\/p>\n<p class=\"link-more\"><a href=\"https:\/\/permapunk.be\/index.php\/collaborations\/\" class=\"more-link\">Continuer la lecture<span class=\"screen-reader-text\"> de &laquo;&nbsp;Collaborations&nbsp;&raquo;<\/span><\/a><\/p>\n","protected":false},"author":4,"featured_media":869,"parent":0,"menu_order":0,"comment_status":"closed","ping_status":"closed","template":"","meta":{"footnotes":""},"class_list":["post-2698","page","type-page","status-publish","has-post-thumbnail","hentry"],"_links":{"self":[{"href":"https:\/\/permapunk.be\/index.php\/wp-json\/wp\/v2\/pages\/2698","targetHints":{"allow":["GET"]}}],"collection":[{"href":"https:\/\/permapunk.be\/index.php\/wp-json\/wp\/v2\/pages"}],"about":[{"href":"https:\/\/permapunk.be\/index.php\/wp-json\/wp\/v2\/types\/page"}],"author":[{"embeddable":true,"href":"https:\/\/permapunk.be\/index.php\/wp-json\/wp\/v2\/users\/4"}],"replies":[{"embeddable":true,"href":"https:\/\/permapunk.be\/index.php\/wp-json\/wp\/v2\/comments?post=2698"}],"version-history":[{"count":10,"href":"https:\/\/permapunk.be\/index.php\/wp-json\/wp\/v2\/pages\/2698\/revisions"}],"predecessor-version":[{"id":3208,"href":"https:\/\/permapunk.be\/index.php\/wp-json\/wp\/v2\/pages\/2698\/revisions\/3208"}],"wp:featuredmedia":[{"embeddable":true,"href":"https:\/\/permapunk.be\/index.php\/wp-json\/wp\/v2\/media\/869"}],"wp:attachment":[{"href":"https:\/\/permapunk.be\/index.php\/wp-json\/wp\/v2\/media?parent=2698"}],"curies":[{"name":"wp","href":"https:\/\/api.w.org\/{rel}","templated":true}]}}