{"id":569,"date":"2021-09-01T09:35:03","date_gmt":"2021-09-01T07:35:03","guid":{"rendered":"https:\/\/permapunk.be\/?page_id=569"},"modified":"2026-04-15T21:54:33","modified_gmt":"2026-04-15T19:54:33","slug":"formation","status":"publish","type":"page","link":"https:\/\/permapunk.be\/index.php\/formation\/","title":{"rendered":"Herboristerie"},"content":{"rendered":"\n<h2 class=\"wp-block-heading has-text-align-center\"><strong>FORMATION EN HERBORISTERIE A SOMMETHONNE<\/strong><\/h2>\n\n\n\n<p class=\"has-text-align-center\">DE MARS A D\u00c9CEMBRE<\/p>\n\n\n\n<p class=\"has-text-align-center\">1. FORMATION DE BASE DE 2 ANS<\/p>\n\n\n\n<p class=\"has-text-align-center\">2. CERCLES HERBORISTES (perfectionnement)<\/p>\n\n\n\n<figure class=\"wp-block-gallery has-nested-images columns-default is-cropped wp-block-gallery-1 is-layout-flex wp-block-gallery-is-layout-flex\">\n<figure class=\"wp-block-image size-large\"><img loading=\"lazy\" decoding=\"async\" width=\"1024\" height=\"1024\" data-id=\"3148\" src=\"https:\/\/permapunk.be\/wp-content\/uploads\/2026\/02\/1-1024x1024.jpg\" alt=\"\" class=\"wp-image-3148\" srcset=\"https:\/\/permapunk.be\/wp-content\/uploads\/2026\/02\/1-1024x1024.jpg 1024w, https:\/\/permapunk.be\/wp-content\/uploads\/2026\/02\/1-300x300.jpg 300w, https:\/\/permapunk.be\/wp-content\/uploads\/2026\/02\/1-150x150.jpg 150w, https:\/\/permapunk.be\/wp-content\/uploads\/2026\/02\/1-768x768.jpg 768w, https:\/\/permapunk.be\/wp-content\/uploads\/2026\/02\/1-100x100.jpg 100w, https:\/\/permapunk.be\/wp-content\/uploads\/2026\/02\/1.jpg 1080w\" sizes=\"auto, (max-width: 706px) 89vw, (max-width: 767px) 82vw, 740px\" \/><\/figure>\n\n\n\n<figure class=\"wp-block-image size-large\"><img loading=\"lazy\" decoding=\"async\" width=\"1024\" height=\"1024\" data-id=\"3150\" src=\"https:\/\/permapunk.be\/wp-content\/uploads\/2026\/02\/3-1024x1024.jpg\" alt=\"\" class=\"wp-image-3150\" srcset=\"https:\/\/permapunk.be\/wp-content\/uploads\/2026\/02\/3-1024x1024.jpg 1024w, https:\/\/permapunk.be\/wp-content\/uploads\/2026\/02\/3-300x300.jpg 300w, https:\/\/permapunk.be\/wp-content\/uploads\/2026\/02\/3-150x150.jpg 150w, https:\/\/permapunk.be\/wp-content\/uploads\/2026\/02\/3-768x768.jpg 768w, https:\/\/permapunk.be\/wp-content\/uploads\/2026\/02\/3-100x100.jpg 100w, https:\/\/permapunk.be\/wp-content\/uploads\/2026\/02\/3.jpg 1080w\" sizes=\"auto, (max-width: 706px) 89vw, (max-width: 767px) 82vw, 740px\" \/><\/figure>\n<\/figure>\n\n\n\n<p><strong><u>Programme des cours&nbsp;:<\/u><\/strong><\/p>\n\n\n\n<p>&#8211; D\u00e9couverte de plantes m\u00e9dicinales (essentiellement locales, courantes ou moins courantes, cultiv\u00e9es ou sauvages, annuelles ou vivaces, en fonction des saisons)&nbsp;: propri\u00e9t\u00e9s, usages traditionnels, aspects botaniques, particularit\u00e9s, \u2026<\/p>\n\n\n\n<p>&#8211; Notions de chimie et de biologie, li\u00e9es \u00e0 l\u2019utilisation des plantes.<\/p>\n\n\n\n<p>&#8211; Notions d\u2019anatomie.<\/p>\n\n\n\n<p>&#8211; Ateliers pratiques autour de la transformation des plantes m\u00e9dicinales.<\/p>\n\n\n\n<p>&#8211; Sorties botaniques.<\/p>\n\n\n\n<p>&#8211; Cuisine sauvage.<\/p>\n\n\n\n<p>&#8211; Acc\u00e8s gratuit \u00e0 la Permath\u00e8que, la biblioth\u00e8que de Permapunk.<\/p>\n\n\n\n<p>&#8211; Mais aussi de nombreux partages et \u00e9changes de connaissances et d\u2019exp\u00e9riences&nbsp;!<\/p>\n\n\n\n<p><strong><u>10 dates&nbsp;de cours th\u00e9oriques\/pratiques par an:<\/u><\/strong><\/p>\n\n\n\n<p>Chaque cours comporte:<\/p>\n\n\n\n<ul class=\"wp-block-list\">\n<li>de la reconnaissance de plantes m\u00e9dicinales dans leur milieu naturel (en jardin punk, dans les chemins de campagne proches, en for\u00eat-jardin),<\/li>\n\n\n\n<li>l&rsquo;\u00e9tude de 2 plantes locales \u00e0 r\u00e9colter \u00e0 la m\u00eame p\u00e9riode,<\/li>\n\n\n\n<li> un atelier pratique de transformation des plantes: vous repartez chez vous avec votre propre production artisanale.<\/li>\n<\/ul>\n\n\n\n<p>Nous aborderons \u00e9galement l\u2019analyse de cas concrets sous forme de discussions et d\u2019\u00e9changes : face \u00e0 tel probl\u00e8me ou telle situation, quelle(s) plante(s) utiliser et dans quelles conditions ?<\/p>\n\n\n\n<p>Le programme est disponible sur simple demande via le <a href=\"https:\/\/permapunk.be\/index.php\/nous-joindre\/\">formulaire de contact<\/a>.<\/p>\n\n\n\n<p><strong><u>4 dates de balades-d\u00e9couverte&nbsp;par an:<\/u><\/strong><\/p>\n\n\n\n<p>Le samedi matin, de 9h30 \u00e0 12h30&nbsp;, dans diff\u00e9rents endroits de Gaume.<\/p>\n\n\n\n<p>Chaque balade s&rsquo;accompagne d&rsquo;une d\u00e9gustation de petites douceurs \u00e0 base de plantes sauvages comestibles.<\/p>\n\n\n\n<p><strong><u>Pr\u00e9requis&nbsp;:<\/u><\/strong><\/p>\n\n\n\n<p>Une motivation sans faille et un engagement m\u00fbrement r\u00e9fl\u00e9chi.<\/p>\n\n\n\n<p><strong><u>Nombre d\u2019heures \u00e0 l\u2019ann\u00e9e&nbsp;:<\/u><\/strong><\/p>\n\n\n\n<p>42 heures\/an&nbsp;: 30 heures de cours th\u00e9oriques\/pratiques + 12h de balades-d\u00e9couverte.<\/p>\n\n\n\n<p><strong><u>Tarifs 2026&nbsp;:<\/u><\/strong><\/p>\n\n\n\n<p><strong>450\u20ac\/an\/personne.<\/strong><\/p>\n\n\n\n<p>!! Inscription pr\u00e9alable obligatoire et valid\u00e9e par un paiement&nbsp;!!<\/p>\n\n\n\n<p><em><sub>Le versement de l&rsquo;inscription peut se faire en 2 ou 3 \u00e9ch\u00e9ances. Contactez-moi.<\/sub><\/em><\/p>\n\n\n\n<p>NB: Les balades sont ouvertes \u00e0 tou.te.s dans la limite des places disponibles mais les \u00e9l\u00e8ves inscrit.e.s aux formations Permapunk y sont prioritaires. Contactez-moi pour plus d&rsquo;infos.<\/p>\n\n\n\n<p><em><sub>En parall\u00e8le \u00e0 cette formation, d&rsquo;autres ateliers \u00ab\u00a0Nature\u00a0\u00bb sont propos\u00e9s ponctuellement : greffe d&rsquo;arbres, sourcellerie, fabrication de nichoirs, teintures v\u00e9g\u00e9tales, etc &#8230; Ces ateliers ne sont pas inclus dans le prix de la formation.<\/sub><\/em><\/p>\n\n\n\n<p><strong><mark style=\"background-color:rgba(0, 0, 0, 0)\" class=\"has-inline-color has-vivid-green-cyan-color\">Cycle 1 \/ De mars \u00e0 d\u00e9cembre 2026<\/mark><\/strong><\/p>\n\n\n\n<p>A Sommethonne, un mercredi apr\u00e8s-midi par mois, de 14h30 \u00e0 17h30.<\/p>\n\n\n\n<p>La formation est accessible \u00e0 10 personnes maximum.<\/p>\n\n\n\n<p>Le groupe est <strong><mark style=\"background-color:rgba(0, 0, 0, 0)\" class=\"has-inline-color has-vivid-green-cyan-color\">COMPLET <\/mark><\/strong>(liste d&rsquo;attente).<\/p>\n\n\n\n<p>&#8211; <strong>3\u00e8me cours: mercredi 06\/05:<\/strong> Focus sur le cassis et la sauge &#8211; Atelier pratique: teintures et teintures-m\u00e8res.<\/p>\n\n\n\n<p><strong><mark style=\"background-color:rgba(0, 0, 0, 0)\" class=\"has-inline-color has-vivid-red-color\">Cercles herboristes &#8211; De mars \u00e0 d\u00e9cembre 2026<\/mark><\/strong><\/p>\n\n\n\n<p>A Sommethonne, un mercredi apr\u00e8s-midi par mois:<\/p>\n\n\n\n<p>&#8211; Groupe 1 : de 14h30 \u00e0 17h30<\/p>\n\n\n\n<p>&#8211; Groupe 2 : de 18h00 \u00e0 21h00.<\/p>\n\n\n\n<p><strong>&#8211; 3\u00e8me cours: mercredi 20\/05:<\/strong> Focus sur le myrtillier et le lotier cornicul\u00e9 &#8211; Atelier pratique: c\u00e9ramique et incrustations v\u00e9g\u00e9tales (1re partie) &#8211; <strong><mark style=\"background-color:rgba(0, 0, 0, 0)\" class=\"has-inline-color has-pale-pink-color\">Les 2 groupes sont complets.<\/mark><\/strong><\/p>\n\n\n\n<p><strong><u>Informations et inscriptions&nbsp;:<\/u><\/strong><\/p>\n\n\n\n<p>+32 472 466 229 \u2013 via notre <a href=\"https:\/\/permapunk.be\/index.php\/nous-joindre\/\">formulaire de contact<\/a><\/p>\n\n\n\n<h2 class=\"wp-block-heading has-text-align-center\"><strong>ATELIERS PRATIQUES DE TRANSFORMATION<\/strong><\/h2>\n\n\n\n<p class=\"has-text-align-center\">A SOMMETHONNE, UN JEUDI MATIN PAR MOIS<\/p>\n\n\n\n<p class=\"has-text-align-center\">DE 10H00 A 12H00<\/p>\n\n\n\n<p>Une fois par mois, pendant l&rsquo;ann\u00e9e scolaire, venez d\u00e9couvrir et pratiquer l&rsquo;art de transformer les plantes m\u00e9dicinales.<\/p>\n\n\n\n<p>Quelques notions th\u00e9oriques de base accompagneront chaque atelier.<\/p>\n\n\n\n<figure class=\"wp-block-image size-full\"><img loading=\"lazy\" decoding=\"async\" width=\"940\" height=\"788\" src=\"https:\/\/permapunk.be\/wp-content\/uploads\/2025\/06\/Ateliers_pratiques25-26.jpg\" alt=\"\" class=\"wp-image-2364\" srcset=\"https:\/\/permapunk.be\/wp-content\/uploads\/2025\/06\/Ateliers_pratiques25-26.jpg 940w, https:\/\/permapunk.be\/wp-content\/uploads\/2025\/06\/Ateliers_pratiques25-26-350x293.jpg 350w, https:\/\/permapunk.be\/wp-content\/uploads\/2025\/06\/Ateliers_pratiques25-26-300x251.jpg 300w, https:\/\/permapunk.be\/wp-content\/uploads\/2025\/06\/Ateliers_pratiques25-26-768x644.jpg 768w\" sizes=\"auto, (max-width: 706px) 89vw, (max-width: 767px) 82vw, 740px\" \/><\/figure>\n\n\n\n<p><strong>Pr\u00e9requis&nbsp;:<\/strong><\/p>\n\n\n\n<p>Une motivation et une curiosit\u00e9 sans faille.<\/p>\n\n\n\n<p><strong>Tarifs 2025-2026&nbsp;:<\/strong><\/p>\n\n\n\n<p>Inscription ponctuelle: <strong>27\u20ac\/atelier\/personne<\/strong><\/p>\n\n\n\n<p>ou<\/p>\n\n\n\n<p>Inscription annuelle: <strong>250\u20ac\/personne pour l&rsquo;ensemble des 10 ateliers.<\/strong><\/p>\n\n\n\n<p>Les ateliers ouvriront \u00e0 partir de 4 inscriptions confirm\u00e9es.<\/p>\n\n\n\n<p>Demandez le programme complet via notre <a href=\"https:\/\/permapunk.be\/index.php\/nous-joindre\/\">formulaire de contact<\/a>.<\/p>\n\n\n\n<h2 class=\"wp-block-heading has-text-align-center\"><strong>ANIMATIONS SCOLAIRES<\/strong><\/h2>\n\n\n\n<p>Pour les \u00e9l\u00e8ves du secondaire, du primaire, et m\u00eame en maternelle,<\/p>\n\n\n\n<p>dans le cadre d&rsquo;un labo sciences, d&rsquo;une journ\u00e9e p\u00e9dagogique, d&rsquo;une semaine d&rsquo;activit\u00e9s compl\u00e9mentaires, d&rsquo;animations ponctuelles,<\/p>\n\n\n\n<p>en fran\u00e7ais ou en anglais,<\/p>\n\n\n\n<p>Permapunk vient faire d\u00e9couvrir les bienfaits des plantes m\u00e9dicinales et comestibles \u00e0 vos \u00e9l\u00e8ves et\/ou vos professeurs.<\/p>\n\n\n\n<p><a href=\"https:\/\/permapunk.be\/index.php\/nous-joindre\/\" data-type=\"page\" data-id=\"82\">Contactez-moi<\/a> pour plus d&rsquo;infos.<\/p>\n\n\n<div class=\"wp-block-image\">\n<figure class=\"aligncenter size-large\"><img loading=\"lazy\" decoding=\"async\" width=\"1024\" height=\"461\" src=\"https:\/\/permapunk.be\/wp-content\/uploads\/2025\/06\/240418_5-1024x461.jpg\" alt=\"\" class=\"wp-image-2440\" srcset=\"https:\/\/permapunk.be\/wp-content\/uploads\/2025\/06\/240418_5-1024x461.jpg 1024w, https:\/\/permapunk.be\/wp-content\/uploads\/2025\/06\/240418_5-scaled-350x158.jpg 350w, https:\/\/permapunk.be\/wp-content\/uploads\/2025\/06\/240418_5-300x135.jpg 300w, https:\/\/permapunk.be\/wp-content\/uploads\/2025\/06\/240418_5-768x346.jpg 768w, https:\/\/permapunk.be\/wp-content\/uploads\/2025\/06\/240418_5-1536x691.jpg 1536w, https:\/\/permapunk.be\/wp-content\/uploads\/2025\/06\/240418_5-2048x922.jpg 2048w\" sizes=\"auto, (max-width: 706px) 89vw, (max-width: 767px) 82vw, 740px\" \/><figcaption class=\"wp-element-caption\"><em>\u00a9 Ath\u00e9n\u00e9e Royal Nestor Outer Virton<\/em><\/figcaption><\/figure>\n<\/div>\n\n<div class=\"wp-block-image\">\n<figure class=\"aligncenter size-large\"><img loading=\"lazy\" decoding=\"async\" width=\"1024\" height=\"592\" src=\"https:\/\/permapunk.be\/wp-content\/uploads\/2025\/06\/Saint-Michel-1024x592.jpg\" alt=\"\" class=\"wp-image-2442\" srcset=\"https:\/\/permapunk.be\/wp-content\/uploads\/2025\/06\/Saint-Michel-1024x592.jpg 1024w, https:\/\/permapunk.be\/wp-content\/uploads\/2025\/06\/Saint-Michel-350x203.jpg 350w, https:\/\/permapunk.be\/wp-content\/uploads\/2025\/06\/Saint-Michel-300x174.jpg 300w, https:\/\/permapunk.be\/wp-content\/uploads\/2025\/06\/Saint-Michel-768x444.jpg 768w, https:\/\/permapunk.be\/wp-content\/uploads\/2025\/06\/Saint-Michel-1536x889.jpg 1536w, https:\/\/permapunk.be\/wp-content\/uploads\/2025\/06\/Saint-Michel.jpg 1832w\" sizes=\"auto, (max-width: 706px) 89vw, (max-width: 767px) 82vw, 740px\" \/><figcaption class=\"wp-element-caption\"><em>\u00a9 Institut Saint-Michel Neufch\u00e2teau<\/em><\/figcaption><\/figure>\n<\/div>\n\n\n<h2 class=\"wp-block-heading has-text-align-center\"><strong>LIVRE D&rsquo;OR<\/strong><\/h2>\n\n\n\n<figure class=\"wp-block-gallery has-nested-images columns-default is-cropped wp-block-gallery-2 is-layout-flex wp-block-gallery-is-layout-flex\">\n<figure data-wp-context=\"{&quot;imageId&quot;:&quot;69e1ac5be01e0&quot;}\" data-wp-interactive=\"core\/image\" data-wp-key=\"69e1ac5be01e0\" class=\"wp-block-image size-large wp-lightbox-container\"><img loading=\"lazy\" decoding=\"async\" width=\"1024\" height=\"1024\" data-wp-class--hide=\"state.isContentHidden\" data-wp-class--show=\"state.isContentVisible\" data-wp-init=\"callbacks.setButtonStyles\" data-wp-on--click=\"actions.showLightbox\" data-wp-on--load=\"callbacks.setButtonStyles\" data-wp-on-window--resize=\"callbacks.setButtonStyles\" data-id=\"2094\" src=\"https:\/\/permapunk.be\/wp-content\/uploads\/2025\/01\/250108-1024x1024.jpg\" alt=\"\" class=\"wp-image-2094\" srcset=\"https:\/\/permapunk.be\/wp-content\/uploads\/2025\/01\/250108-1024x1024.jpg 1024w, https:\/\/permapunk.be\/wp-content\/uploads\/2025\/01\/250108-250x250.jpg 250w, https:\/\/permapunk.be\/wp-content\/uploads\/2025\/01\/250108-100x100.jpg 100w, https:\/\/permapunk.be\/wp-content\/uploads\/2025\/01\/250108-350x350.jpg 350w, https:\/\/permapunk.be\/wp-content\/uploads\/2025\/01\/250108-300x300.jpg 300w, https:\/\/permapunk.be\/wp-content\/uploads\/2025\/01\/250108-150x150.jpg 150w, https:\/\/permapunk.be\/wp-content\/uploads\/2025\/01\/250108-768x768.jpg 768w, https:\/\/permapunk.be\/wp-content\/uploads\/2025\/01\/250108.jpg 1080w\" sizes=\"auto, (max-width: 706px) 89vw, (max-width: 767px) 82vw, 740px\" \/><button\n\t\t\tclass=\"lightbox-trigger\"\n\t\t\ttype=\"button\"\n\t\t\taria-haspopup=\"dialog\"\n\t\t\taria-label=\"Agrandir\"\n\t\t\tdata-wp-init=\"callbacks.initTriggerButton\"\n\t\t\tdata-wp-on--click=\"actions.showLightbox\"\n\t\t\tdata-wp-style--right=\"state.imageButtonRight\"\n\t\t\tdata-wp-style--top=\"state.imageButtonTop\"\n\t\t>\n\t\t\t<svg xmlns=\"http:\/\/www.w3.org\/2000\/svg\" width=\"12\" height=\"12\" fill=\"none\" viewBox=\"0 0 12 12\">\n\t\t\t\t<path fill=\"#fff\" d=\"M2 0a2 2 0 0 0-2 2v2h1.5V2a.5.5 0 0 1 .5-.5h2V0H2Zm2 10.5H2a.5.5 0 0 1-.5-.5V8H0v2a2 2 0 0 0 2 2h2v-1.5ZM8 12v-1.5h2a.5.5 0 0 0 .5-.5V8H12v2a2 2 0 0 1-2 2H8Zm2-12a2 2 0 0 1 2 2v2h-1.5V2a.5.5 0 0 0-.5-.5H8V0h2Z\" \/>\n\t\t\t<\/svg>\n\t\t<\/button><\/figure>\n\n\n\n<figure data-wp-context=\"{&quot;imageId&quot;:&quot;69e1ac5be070b&quot;}\" data-wp-interactive=\"core\/image\" data-wp-key=\"69e1ac5be070b\" class=\"wp-block-image size-large wp-lightbox-container\"><img loading=\"lazy\" decoding=\"async\" width=\"940\" height=\"788\" data-wp-class--hide=\"state.isContentHidden\" data-wp-class--show=\"state.isContentVisible\" data-wp-init=\"callbacks.setButtonStyles\" data-wp-on--click=\"actions.showLightbox\" data-wp-on--load=\"callbacks.setButtonStyles\" data-wp-on-window--resize=\"callbacks.setButtonStyles\" data-id=\"1991\" src=\"https:\/\/permapunk.be\/wp-content\/uploads\/2024\/11\/AL241029.jpg\" alt=\"\" class=\"wp-image-1991\" srcset=\"https:\/\/permapunk.be\/wp-content\/uploads\/2024\/11\/AL241029.jpg 940w, https:\/\/permapunk.be\/wp-content\/uploads\/2024\/11\/AL241029-350x293.jpg 350w, https:\/\/permapunk.be\/wp-content\/uploads\/2024\/11\/AL241029-300x251.jpg 300w, https:\/\/permapunk.be\/wp-content\/uploads\/2024\/11\/AL241029-768x644.jpg 768w\" sizes=\"auto, (max-width: 706px) 89vw, (max-width: 767px) 82vw, 740px\" \/><button\n\t\t\tclass=\"lightbox-trigger\"\n\t\t\ttype=\"button\"\n\t\t\taria-haspopup=\"dialog\"\n\t\t\taria-label=\"Agrandir\"\n\t\t\tdata-wp-init=\"callbacks.initTriggerButton\"\n\t\t\tdata-wp-on--click=\"actions.showLightbox\"\n\t\t\tdata-wp-style--right=\"state.imageButtonRight\"\n\t\t\tdata-wp-style--top=\"state.imageButtonTop\"\n\t\t>\n\t\t\t<svg xmlns=\"http:\/\/www.w3.org\/2000\/svg\" width=\"12\" height=\"12\" fill=\"none\" viewBox=\"0 0 12 12\">\n\t\t\t\t<path fill=\"#fff\" d=\"M2 0a2 2 0 0 0-2 2v2h1.5V2a.5.5 0 0 1 .5-.5h2V0H2Zm2 10.5H2a.5.5 0 0 1-.5-.5V8H0v2a2 2 0 0 0 2 2h2v-1.5ZM8 12v-1.5h2a.5.5 0 0 0 .5-.5V8H12v2a2 2 0 0 1-2 2H8Zm2-12a2 2 0 0 1 2 2v2h-1.5V2a.5.5 0 0 0-.5-.5H8V0h2Z\" \/>\n\t\t\t<\/svg>\n\t\t<\/button><\/figure>\n\n\n\n<figure data-wp-context=\"{&quot;imageId&quot;:&quot;69e1ac5be0bc9&quot;}\" data-wp-interactive=\"core\/image\" data-wp-key=\"69e1ac5be0bc9\" class=\"wp-block-image size-large wp-lightbox-container\"><img loading=\"lazy\" decoding=\"async\" width=\"1024\" height=\"1024\" data-wp-class--hide=\"state.isContentHidden\" data-wp-class--show=\"state.isContentVisible\" data-wp-init=\"callbacks.setButtonStyles\" data-wp-on--click=\"actions.showLightbox\" data-wp-on--load=\"callbacks.setButtonStyles\" data-wp-on-window--resize=\"callbacks.setButtonStyles\" data-id=\"1992\" src=\"https:\/\/permapunk.be\/wp-content\/uploads\/2024\/11\/MP240300-1024x1024.jpg\" alt=\"\" class=\"wp-image-1992\" srcset=\"https:\/\/permapunk.be\/wp-content\/uploads\/2024\/11\/MP240300-1024x1024.jpg 1024w, https:\/\/permapunk.be\/wp-content\/uploads\/2024\/11\/MP240300-250x250.jpg 250w, https:\/\/permapunk.be\/wp-content\/uploads\/2024\/11\/MP240300-100x100.jpg 100w, https:\/\/permapunk.be\/wp-content\/uploads\/2024\/11\/MP240300-350x350.jpg 350w, https:\/\/permapunk.be\/wp-content\/uploads\/2024\/11\/MP240300-300x300.jpg 300w, https:\/\/permapunk.be\/wp-content\/uploads\/2024\/11\/MP240300-150x150.jpg 150w, https:\/\/permapunk.be\/wp-content\/uploads\/2024\/11\/MP240300-768x768.jpg 768w, https:\/\/permapunk.be\/wp-content\/uploads\/2024\/11\/MP240300.jpg 1080w\" sizes=\"auto, (max-width: 706px) 89vw, (max-width: 767px) 82vw, 740px\" \/><button\n\t\t\tclass=\"lightbox-trigger\"\n\t\t\ttype=\"button\"\n\t\t\taria-haspopup=\"dialog\"\n\t\t\taria-label=\"Agrandir\"\n\t\t\tdata-wp-init=\"callbacks.initTriggerButton\"\n\t\t\tdata-wp-on--click=\"actions.showLightbox\"\n\t\t\tdata-wp-style--right=\"state.imageButtonRight\"\n\t\t\tdata-wp-style--top=\"state.imageButtonTop\"\n\t\t>\n\t\t\t<svg xmlns=\"http:\/\/www.w3.org\/2000\/svg\" width=\"12\" height=\"12\" fill=\"none\" viewBox=\"0 0 12 12\">\n\t\t\t\t<path fill=\"#fff\" d=\"M2 0a2 2 0 0 0-2 2v2h1.5V2a.5.5 0 0 1 .5-.5h2V0H2Zm2 10.5H2a.5.5 0 0 1-.5-.5V8H0v2a2 2 0 0 0 2 2h2v-1.5ZM8 12v-1.5h2a.5.5 0 0 0 .5-.5V8H12v2a2 2 0 0 1-2 2H8Zm2-12a2 2 0 0 1 2 2v2h-1.5V2a.5.5 0 0 0-.5-.5H8V0h2Z\" \/>\n\t\t\t<\/svg>\n\t\t<\/button><\/figure>\n\n\n\n<figure data-wp-context=\"{&quot;imageId&quot;:&quot;69e1ac5be104e&quot;}\" data-wp-interactive=\"core\/image\" data-wp-key=\"69e1ac5be104e\" class=\"wp-block-image size-large wp-lightbox-container\"><img loading=\"lazy\" decoding=\"async\" width=\"1024\" height=\"1024\" data-wp-class--hide=\"state.isContentHidden\" data-wp-class--show=\"state.isContentVisible\" data-wp-init=\"callbacks.setButtonStyles\" data-wp-on--click=\"actions.showLightbox\" data-wp-on--load=\"callbacks.setButtonStyles\" data-wp-on-window--resize=\"callbacks.setButtonStyles\" data-id=\"1993\" src=\"https:\/\/permapunk.be\/wp-content\/uploads\/2024\/11\/Sarasquote-1024x1024.jpg\" alt=\"\" class=\"wp-image-1993\" srcset=\"https:\/\/permapunk.be\/wp-content\/uploads\/2024\/11\/Sarasquote-1024x1024.jpg 1024w, https:\/\/permapunk.be\/wp-content\/uploads\/2024\/11\/Sarasquote-250x250.jpg 250w, https:\/\/permapunk.be\/wp-content\/uploads\/2024\/11\/Sarasquote-100x100.jpg 100w, https:\/\/permapunk.be\/wp-content\/uploads\/2024\/11\/Sarasquote-350x350.jpg 350w, https:\/\/permapunk.be\/wp-content\/uploads\/2024\/11\/Sarasquote-300x300.jpg 300w, https:\/\/permapunk.be\/wp-content\/uploads\/2024\/11\/Sarasquote-150x150.jpg 150w, https:\/\/permapunk.be\/wp-content\/uploads\/2024\/11\/Sarasquote-768x768.jpg 768w, https:\/\/permapunk.be\/wp-content\/uploads\/2024\/11\/Sarasquote.jpg 1080w\" sizes=\"auto, (max-width: 706px) 89vw, (max-width: 767px) 82vw, 740px\" \/><button\n\t\t\tclass=\"lightbox-trigger\"\n\t\t\ttype=\"button\"\n\t\t\taria-haspopup=\"dialog\"\n\t\t\taria-label=\"Agrandir\"\n\t\t\tdata-wp-init=\"callbacks.initTriggerButton\"\n\t\t\tdata-wp-on--click=\"actions.showLightbox\"\n\t\t\tdata-wp-style--right=\"state.imageButtonRight\"\n\t\t\tdata-wp-style--top=\"state.imageButtonTop\"\n\t\t>\n\t\t\t<svg xmlns=\"http:\/\/www.w3.org\/2000\/svg\" width=\"12\" height=\"12\" fill=\"none\" viewBox=\"0 0 12 12\">\n\t\t\t\t<path fill=\"#fff\" d=\"M2 0a2 2 0 0 0-2 2v2h1.5V2a.5.5 0 0 1 .5-.5h2V0H2Zm2 10.5H2a.5.5 0 0 1-.5-.5V8H0v2a2 2 0 0 0 2 2h2v-1.5ZM8 12v-1.5h2a.5.5 0 0 0 .5-.5V8H12v2a2 2 0 0 1-2 2H8Zm2-12a2 2 0 0 1 2 2v2h-1.5V2a.5.5 0 0 0-.5-.5H8V0h2Z\" \/>\n\t\t\t<\/svg>\n\t\t<\/button><\/figure>\n<\/figure>\n","protected":false},"excerpt":{"rendered":"<p>FORMATION EN HERBORISTERIE A SOMMETHONNE DE MARS A D\u00c9CEMBRE 1. FORMATION DE BASE DE 2 ANS 2. CERCLES HERBORISTES (perfectionnement) Programme des cours&nbsp;: &#8211; D\u00e9couverte de plantes m\u00e9dicinales (essentiellement locales, courantes ou moins courantes, cultiv\u00e9es ou sauvages, annuelles ou vivaces, en fonction des saisons)&nbsp;: propri\u00e9t\u00e9s, usages traditionnels, aspects botaniques, particularit\u00e9s, \u2026 &#8211; Notions de chimie &hellip; <\/p>\n<p class=\"link-more\"><a href=\"https:\/\/permapunk.be\/index.php\/formation\/\" class=\"more-link\">Continuer la lecture<span class=\"screen-reader-text\"> de &laquo;&nbsp;Herboristerie&nbsp;&raquo;<\/span><\/a><\/p>\n","protected":false},"author":4,"featured_media":571,"parent":0,"menu_order":0,"comment_status":"closed","ping_status":"closed","template":"","meta":{"footnotes":""},"class_list":["post-569","page","type-page","status-publish","has-post-thumbnail","hentry"],"_links":{"self":[{"href":"https:\/\/permapunk.be\/index.php\/wp-json\/wp\/v2\/pages\/569","targetHints":{"allow":["GET"]}}],"collection":[{"href":"https:\/\/permapunk.be\/index.php\/wp-json\/wp\/v2\/pages"}],"about":[{"href":"https:\/\/permapunk.be\/index.php\/wp-json\/wp\/v2\/types\/page"}],"author":[{"embeddable":true,"href":"https:\/\/permapunk.be\/index.php\/wp-json\/wp\/v2\/users\/4"}],"replies":[{"embeddable":true,"href":"https:\/\/permapunk.be\/index.php\/wp-json\/wp\/v2\/comments?post=569"}],"version-history":[{"count":166,"href":"https:\/\/permapunk.be\/index.php\/wp-json\/wp\/v2\/pages\/569\/revisions"}],"predecessor-version":[{"id":3263,"href":"https:\/\/permapunk.be\/index.php\/wp-json\/wp\/v2\/pages\/569\/revisions\/3263"}],"wp:featuredmedia":[{"embeddable":true,"href":"https:\/\/permapunk.be\/index.php\/wp-json\/wp\/v2\/media\/571"}],"wp:attachment":[{"href":"https:\/\/permapunk.be\/index.php\/wp-json\/wp\/v2\/media?parent=569"}],"curies":[{"name":"wp","href":"https:\/\/api.w.org\/{rel}","templated":true}]}}